test common factor of 1696 and 477?
53
What is the highest common factor of 18 and 321?
3
Calculate the highest common factor of 21 and 39.
3
What is the greatest common factor of 368 and 16?
16
Calculate the highest common divisor of 12 and 52.
4
Calculate the highest common divisor of 15 and 115.
5
Calculate the highest common factor of 280 and 1090.
10
What is the greatest common factor of 40 and 180?
20
What is the highest common divisor of 715 and 165?
55
What is the highest common factor of 365 and 5?
5
Calculate the greatest common divisor of 330 and 4125.
165
Calculate the highest common divisor of 144 and 72.
72
What is the greatest common divisor of 13 and 9893?
13
Calculate the highest common divisor of 266 and 42.
14
Calculate the greatest common factor of 155 and 15.
5
What is the greatest common factor of 102 and 102?
102
Calculate the highest common divisor of 3609 and 36.
9
What is the highest common factor of 189 and 28?
7
What is the highest common divisor of 35 and 65?
5
Calculate the greatest common divisor of 28 and 7364.
28
What is the greatest common factor of 127 and 1397?
127
Calculate the highest common factor of 23 and 23.
23
Calculate the highest common divisor of 8 and 11496.
8
Calculate the greatest common factor of 44 and 110.
22
What is the highest common factor of 1989 and 12?
3
Calculate the greatest common factor of 4 and 2960.
4
Calculate the highest common factor of 444 and 24.
12
Calculate the highest common divisor of 2263 and 73.
73
What is the greatest common divisor of 30 and 195?
15
Calculate the highest common factor of 69 and 230.
23
What is the highest common factor of 143 and 9152?
143
What is the greatest common factor of 6 and 15?
3
Calculate the highest common factor of 815 and 15.
5
Calculate the greatest common factor of 105 and 45.
15
What is the highest common divisor of 129 and 1247?
43
Calculate the greatest common divisor of 1 and 256.
1
What is the greatest common divisor of 75 and 50?
25
Calculate the highest common factor of 27 and 216.
27
What is the highest common divisor of 14 and 10969?
7
Calculate the greatest common factor of 18 and 36.
18
Calculate the greatest common divisor of 469 and 67.
67
What is the highest common factor of 17 and 1377?
17
What is the greatest common factor of 234 and 189?
9
Calculate the highest common divisor of 1570 and 15.
5
Calculate the highest common divisor of 85 and 1615.
85
Calculate the greatest common factor of 4758 and 156.
78
What is the greatest common factor of 820 and 540?
20
Calculate the highest common factor of 137 and 14933.
137
What is the highest common divisor of 12 and 294?
6
What is the greatest common factor of 1962 and 18?
18
Calculate the highest common divisor of 309 and 3.
3
Calculate the highest common divisor of 527 and 493.
17
What is the highest common divisor of 20 and 560?
20
Calculate the greatest common divisor of 159 and 1272.
159
What is the greatest common factor of 522 and 464?
58
Calculate the greatest common factor of 810 and 10.
10
Calculate the greatest common factor of 217 and 49.
7
Calculate the highest common factor of 312 and 117.
39
Calculate the highest common divisor of 37 and 1369.
37
Calculate the highest common divisor of 99 and 135.
9
Calculate the highest common factor of 230 and 3358.
46
What is the highest common factor of 72 and 2484?
36
Calculate the greatest common divisor of 686 and 14014.
98
What is the greatest common factor of 58 and 3538?
58
What is the highest common divisor of 168 and 70?
14
Calculate the greatest common divisor of 12 and 291.
3
What is the highest common factor of 1378 and 318?
106
What is the highest common factor of 6 and 498?
6
What is the highest common divisor of 30352 and 16?
16
What is the highest common factor of 20 and 68?
4
What is the greatest common divisor of 209 and 38?
19
Calculate the highest common divisor of 20 and 5.
5
Calculate the greatest common divisor of 666 and 27.
9
Calculate the greatest common factor of 1539 and 19.
19
What is the highest common divisor of 2958 and 1218?
174
What is the highest common factor of 195 and 30?
15
Calculate the greatest common divisor of 23 and 299.
23
Calculate the highest common divisor of 7098 and 42.
42
Calculate the highest common factor of 364 and 2834.
26
What is the greatest common divisor of 51 and 11084?
17
Calculate the highest common factor of 9 and 201.
3
What is the greatest common divisor of 228 and 2964?
228
What is the highest common factor of 144 and 456?
24
Calculate the greatest common factor of 225 and 850.
25
What is the greatest common divisor of 684 and 1824?
228
What is the greatest common divisor of 28993 and 79?
79
Calculate the highest common divisor of 589 and 93.
31
Calculate the highest common divisor of 6 and 24.
6
What is the highest common divisor of 11 and 781?
11
What is the highest common factor of 12 and 5556?
12
What is the highest common factor of 105 and 2625?
105
What is the highest common divisor of 2 and 284?
2
Calculate the highest common factor of 3 and 3.
3
What is the highest common divisor of 1570 and 10?
10
What is the highest common factor of 25 and 40?
5
What is the highest common factor of 231 and 21?
21
Calculate the highest common divisor of 77 and 77.
77
What is the greatest common factor of 308 and 5684?
28
Calculate the highest common factor of 24289 and 681.
227
What is the greatest common factor of 160 and 20?
20
What is the highest common divisor of 1700 and 100?
100
What is the greatest common factor of 1488 and 35216?
496
Calculate the highest common factor of 36 and 252.
36
What is the highest common divisor of 707 and 404?
101
Calculate the highest common divisor of 189 and 33.
3
Calculate the highest common divisor of 91 and 7.
7
What is the greatest common factor of 304 and 64?
16
What is the highest common factor of 79 and 18960?
79
Calculate the greatest common divisor of 24 and 3016.
8
Calculate the greatest common divisor of 216 and 243.
27
Calculate the highest common divisor of 134 and 1005.
67
Calculate the highest common divisor of 38 and 5871.
19
Calculate the highest common divisor of 456 and 156.
12
What is the highest common factor of 52 and 143?
13
What is the greatest common divisor of 329 and 141?
47
What is the greatest common factor of 224 and 1246?
14
What is the greatest common factor of 96 and 984?
24
Calculate the greatest common divisor of 19408 and 16.
16
What is the greatest common factor of 7496 and 32?
8
What is the highest common factor of 153 and 18?
9
What is the greatest common factor of 476 and 68?
68
What is the greatest common divisor of 1518 and 46?
46
What is the highest common factor of 22264 and 44?
44
Calculate the highest common divisor of 984 and 96.
24
Calculate the greatest common factor of 1800 and 32.
8
Calculate the highest common divisor of 1188 and 432.
108
Calculate the highest common factor of 26 and 143.
13
Calculate the greatest common factor of 710 and 30.
10
What is the greatest common divisor of 280 and 3052?
28
Calculate the greatest common divisor of 17 and 5168.
17
Calculate the greatest common factor of 29 and 493.
29
What is the greatest common divisor of 989 and 43?
43
What is the greatest common factor of 75 and 200?
25
What is the highest common factor of 1925 and 1650?
275
Calculate the greatest common divisor of 47597 and 11.
11
Calculate the greatest common divisor of 448 and 7.
7
What is the greatest common factor of 369 and 3813?
123
What is the greatest common divisor of 62 and 186?
62
What is the greatest common divisor of 100 and 80?
20
What is the greatest common factor of 117 and 5421?
39
Calculate the greatest common factor of 342 and 18.
18
What is the highest common divisor of 65376 and 288?
288
Calculate the greatest common divisor of 3 and 21.
3
What is the highest common divisor of 1247 and 516?
43
Calculate the greatest common divisor of 650 and 125.
25
What is the highest common divisor of 160 and 15?
5
Calculate the highest common divisor of 230 and 115.
115
Calculate the greatest common divisor of 14 and 511.
7
Calculate the highest common divisor of 53 and 689.
53
What is the greatest common divisor of 168 and 798?
42
What is the greatest common divisor of 107